mmon divisor of a and n.
5
Let t(o) = 73*o**2 - 22*o + 41. Let r be t(3). What is the greatest common factor of r and 8?
8
Let q = -131 - -159. Let v be (-1)/3 - (-19)/3. Let s = v + q. What is the greatest common divisor of s and 85?
17
Suppose -7*u = -3*u - 400. Suppose -25*k + 2119 = -129*k + 16679. What is the highest common divisor of u and k?
20
Suppose -4*o - 5*s = -335 + 63, 5*s - 20 = 0. Let l(y) = -32*y - 4. Let q be l(-2). Suppose 0 = 9*g - 21 - q. What is the greatest common divisor of g and o?
9
Let y(w) = -14*w**2 + 7*w - 11. Let h be y(6). Let g = -237 - h. What is the highest common divisor of g and 59?
59
Let z be ((-10)/3)/(((-920)/(-780))/(-23)). What is the highest common divisor of 505 and z?
5
Let m = -38 - -41. Suppose m*f = -6 + 48. Suppose 2*t + f = 3*t. Calculate the highest common factor of t and 28.
14
Suppose 6*s - 2598 = -510. What is the highest common factor of s and 87?
87
Let t = 7974 + -7734. Calculate the highest common divisor of 444 and t.
12
Let w be 4 - (2181/(-9) + 2/(-3)). Suppose -3*x + w = 10*x. Suppose o - 49 = x. Calculate the greatest common divisor of 4 and o.
4
Let v = -677 + 2645. Calculate the greatest common factor of v and 48.
48
Let y = -14678 + 14692. Calculate the greatest common divisor of y and 53676.
14
Suppose 4*x = -3*y + 60, -2*y - 4*x + 8 = -28. Suppose 0 = 18*c - 17*c - 202. Suppose -c = -3*k + 374. What is the greatest common factor of y and k?
24
Let x = -30295 - -30346. Let s(t) = -t**3 + 7*t**2 - 3*t - 1. Let k be s(5). What is the greatest common factor of x and k?
17
Let v be -1 - (36/216 - (-436)/(-24)). What is the highest common divisor of 2329 and v?
17
Suppose -5*m + d - 530 = -7*m, 2*m - 2*d = 542. Calculate the greatest common factor of 3 and m.
3
Suppose 83 - 18 = 5*h + 4*d, 2*h + 2*d - 24 = 0. Let x = -336 + 625. What is the greatest common divisor of h and x?
17
Let k be 4/((-28)/(-189))*(-17)/(-3). Calculate the highest common divisor of 51 and k.
51
Let i(r) = r + 10. Let d be i(0). Let s = -107 + 93. Let c be -4*(-6 - 49/s). Calculate the greatest common divisor of c and d.
10
Let i = 18 - 2. Let x = 478 + -479. Let g be ((-790)/79)/(x + 3/4). Calculate the greatest common divisor of g and i.
8
Let z(j) = j**3 - 7*j**2 + 28*j - 38. Let b be z(5). Calculate the greatest common factor of b and 2093.
13
Let n = 25498 - 25398. What is the highest common factor of 1340 and n?
20
Let m be 35 - 17 - (1 - 1). Let h be 760/144*3 - (-3)/m. What is the highest common factor of 80 and h?
16
Let h(w) = w**2 - 21*w + 736. Let q be h(44). What is the highest common divisor of 276 and q?
92
Let l = 27195 - 27155. Calculate the highest common divisor of l and 11080.
40
Suppose s + 9 = 0, 3*n - 2579 + 2264 = s. Suppose 37 = l - 3*r, 5*l = -3*r - 53 + 220. What is the greatest common divisor of n and l?
34
Let s(c) be the second derivative of 0 + 8*c + 21/2*c**3 - 3/2*c**2. Let u be s(1). Calculate the greatest common divisor of u and 15.
15
Suppose -2*r - 16 = -68. Let a(z) = -z + 101. Let c(u) = 35*u - 165. Let m be c(5). Let l be a(m). What is the highest common divisor of l and r?
13
Suppose 43*x - 48*x = -15. Suppose 4*i - 48 = -12*f + 8*f, 5*f = -x*i + 30. What is the highest common divisor of 39 and i?
3
Let q be 11/22 + 51/6. Let d be (6/(5 + -7))/((-1)/75). Calculate the highest common factor of q and d.
9
Suppose -8*k + 3*k + 5*f = -125, 31 = k - 3*f. Calculate the greatest common divisor of 7106 and k.
22
Let s be (0/5 + 14)/(-2). Let d be ((-3 - -3) + s)*-3. What is the greatest common factor of 35 and d?
7
Let s(y) = y**3 - 41*y**2 + 15*y + 205. Let r be s(41). Calculate the greatest common factor of 40 and r.
20
Let x(p) = -12*p - 6. Let v be x(-5). Suppose 2*k = 4*r + 324, -2*k + 405 = 6*r - 11*r. Let l = 54 - r. What is the greatest common divisor of l and v?
27
Suppose i - 46*q + 48*q = 784, -5*i = -2*q - 3860. Calculate the highest common divisor of 9 and i.
9
Let o = 5367 - 5121. What is the greatest common factor of o and 8733?
123
Let r(s) be the third derivative of -s**6/30 + s**5/30 + s**3/6 + 15*s**2. Let d be r(2). Let t = -5 - d. What is the highest common factor of t and 27?
9
Let k(z) = 20*z + 162. Let x be k(-8). Suppose -5*l - 4*j + 56 = -x*j, 0 = -l + 4*j - 2. What is the greatest common factor of l and 310?
10
Suppose 80*q - 27589 - 174876 = 229535. What is the greatest common factor of 972 and q?
108
Suppose -3*o + 359 = -3*j - 1720, 2*j - 2742 = -4*o. What is the highest common factor of o and 301?
43
Let v be 55/(-165) + 32/6. Let m be ((-2)/(-4)*-2)/1. Let h be (m + 0 + 6)*9. Calculate the highest common divisor of v and h.
5
Let f = 7160 + -6760. Calculate the greatest common divisor of f and 60.
20
Let k = 23 + -7. Let p = 80 + 120. Suppose 204*q = p*q + 32. What is the highest common divisor of k and q?
8
Suppose 0 = 13*h - 11*h - 244. What is the highest common divisor of h and 1159?
61
Let q(c) = -7 - c**2 - 7 + 6*c + 9*c + 0*c. Let f be q(12). Let r = 623 + -557. Calculate the greatest common divisor of f and r.
22
Let w = 442 + -246. Suppose -2*l = -4*f - w, 0 = 4*l - 5*l - 2*f + 90. What is the highest common divisor of l and 47?
47
Suppose -40*r + 17 = -41*r. Let f = r + 16. Let p(v) = 17*v**2 - v. Let k be p(f). Calculate the highest common factor of 9 and k.
9
Let v be (15/(-3 - -6))/(0 - -1). Suppose -6*z + v*z + 219 = 4*x, 4*x - 228 = -4*z. What is the greatest common divisor of 48 and x?
6
Let q = -8027 + 8033. Suppose d = 6*d - 10. Calculate the greatest common factor of d and q.
2
Let n be (0 - 2/(-22)) + (-44982)/(-693). Let x(z) = -z**2 + 20*z - 6. Let o be x(19). Calculate the greatest common factor of o and n.
13
Let i = 118 - 110. Suppose 0 = 11*t - i*t - 63. Calculate the highest common factor of t and 483.
21
Suppose 3*f = 3*c + 189, -4*f - 5*c - 55 = -5*f. Suppose 6*p - 219 = -13*w + 10*w, -2*p = 4*w - 346. What is the highest common factor of w and f?
13
Let t = -30435 + 30530. Calculate the greatest common divisor of 2128 and t.
19
Let g = 9 + 6. Let u(r) = -r**2 + 11*r. Let i be u(10). Let p be -165*(i/2 - 6). What is the highest common factor of p and g?
15
Let u be (-2)/15 - (-362)/15. Let i be (-15570)/(-216) - 2/u. Let a be 2 + (-5)/(-1) - -2. Calculate the greatest common factor of i and a.
9
Suppose 489 = 53*x - 200. Suppose -8*f - 69 = -173. Calculate the highest common factor of f and x.
13
Let z(d) be the second derivative of d**4/4 - 2*d**3/3 + 11*d**2 + d - 30. Let c be z(3). What is the highest common divisor of c and 37?
37
Let q = -232 - -952. Let h = -499 + q. Suppose -5*y = -u - 86, -5*y - 25*u = -29*u - 89. What is the highest common factor of h and y?
17
Suppose -5*q - 6582 = 2*q - 6974. Calculate the highest common divisor of q and 136.
8
Let k(c) = -13*c**2 + 14*c**2 + 55*c**2 - 6*c + 6. Let l be k(1). What is the greatest common divisor of 308 and l?
28
Let w(d) = 2*d**2 + 5*d + 51. Let s be (-33)/7 - (242/(-77))/(-11). Let f be w(s). What is the greatest common divisor of f and 342?
38
Let p be -5*(-5)/15*-3. Let i be (65/(-4))/p + (-5)/20. Let m be ((-100)/i)/((-13)/117). What is the greatest common factor of 50 and m?
50
Let q be (1 - -1 - 1)/(8/(-32)). Let s be (-162)/(-1) - 0/q. What is the highest common factor of 36 and s?
18
Let n = -2 + 6. Let b(z) = z**3 - z**2 + 6*z - 3. Let a be b(n). Let q = 3668 - 3645. Calculate the greatest common divisor of q and a.
23
Let p = -30235 + 30250. Calculate the greatest common divisor of 325 and p.
5
Let c(w) = w**3 - 3*w**2 + w + 2. Let n be c(2). Suppose v - 120 = -n*s - 3*s, -5*s + 200 = 2*v. Let j = 8 + s. What is the highest common divisor of 12 and j?
12
Suppose -45*n = -40*n + 2*o - 898, 4*n - 746 = 3*o. Calculate the highest common divisor of n and 1898.
26
Let n = 457 - 443. Let d(x) = -x**2 + 37*x - 62. Let w be d(n). What is the greatest common divisor of 40 and w?
20
Let r(p) be the first derivative of 2*p**3/3 - 5*p**2/2 + 72*p - 48. Let x be r(8). What is the greatest common factor of 16 and x?
16
Suppose -28*d = 14 - 238. What is the greatest common divisor of d and 6296?
8
Suppose -65*f = 25*f - 8640. Suppose 4*l = 2*m - 5 - 9, -4*l + 1 = m. Suppose -25 = -5*g, 2*g - 17 = -j + m. What is the greatest common divisor of j and f?
12
Le